{"id":1406,"date":"2018-11-08T09:19:37","date_gmt":"2018-11-08T08:19:37","guid":{"rendered":"http:\/\/www.rodzinaravensbruck.pl\/?page_id=1406"},"modified":"2018-11-08T09:19:44","modified_gmt":"2018-11-08T08:19:44","slug":"rodo","status":"publish","type":"page","link":"https:\/\/www.rodzinaravensbruck.pl\/index.php\/rodo\/","title":{"rendered":"RODO"},"content":{"rendered":"<p><strong>KLAUZULA INFORMACYJNA <\/strong><\/p>\n<p><strong>Stowarzyszenia \u201eRodzina Wi\u0119\u017aniarek Niemieckiego Obozu Koncentracyjnego Ravensbr\u00fcck\u201d<\/strong><\/p>\n<p>Zgodnie z przepisami rozporz\u0105dzenia Parlamentu Europejskiego i Rady (UE) 2016\/679 z dnia 27 kwietnia 2016 r. w sprawie ochrony os\u00f3b fizycznych w zwi\u0105zku z przetwarzaniem danych osobowych i w sprawie swobodnego przep\u0142ywu takich danych oraz uchylenia dyrektywy 95\/46\/WE (og\u00f3lne rozporz\u0105dzenie o ochronie danych), Dz. U. UE L nr 119, str. 1, informujemy, co nast\u0119puje:<\/p>\n<p><strong>Administrator danych osobowych<\/strong><br \/>\nStowarzyszenie\u00a0 \u201eRodzina Wi\u0119\u017aniarek Niemieckiego Obozu Koncentracyjnego\u00a0 Ravensbr\u00fcck\u00a0 jest administratorem danych osobowych\u00a0 cz\u0142onk\u00f3w stowarzyszenia i jego beneficjent\u00f3w.<\/p>\n<p><strong>Cel i podstawa przetwarzania danych osobowych<\/strong><br \/>\nPrzetwarzanie danych osobowych beneficjent\u00f3w i\u00a0 cz\u0142onk\u00f3w nast\u0119puje w celu \u015bwiadczenia pomocy, ewidencji danych osobowych, sprawozdawczym oraz dla organ\u00f3w pa\u0144stwowych je\u017celi b\u0119dzie ku temu podstawa prawna.<\/p>\n<p><strong>Kategorie danych osobowych, kt\u00f3re przetwarzamy<\/strong><br \/>\nPrzetwarzaniu podlegaj\u0105 nast\u0119puj\u0105ce kategorie danych osobowych beneficjent\u00f3w i cz\u0142onk\u00f3w stowarzyszenia<br \/>\n&#8211; podstawowe dane identyfikacyjne,<br \/>\n&#8211; dane identyfikacyjne przyznane przez organy publiczne,<br \/>\n&#8211; dane dotycz\u0105ce zamieszkania, PESEL, telefon, stanu zdrowia, ewentualnie sytuacji materialnej,<\/p>\n<p><strong>Odbiorcy danych<\/strong><br \/>\nDane osobowe beneficjent\u00f3w i\u00a0 cz\u0142onk\u00f3w nie b\u0119d\u0105 udost\u0119pniane \u017cadnym innym podmiotom, nie b\u0119d\u0105 przekazywane poza teren Polski, Unii Europejskiej oraz Europejskiego Obszaru Gospodarczego.<\/p>\n<p><strong>Okres przechowywania danych<\/strong><br \/>\nDane osobowe beneficjent\u00f3w i stron porozumie\u0144 o wsp\u00f3\u0142pracy b\u0119d\u0105 przetwarzane do zako\u0144czenia um\u00f3w, w przypadku cz\u0142onk\u00f3w do czasu istnienia cz\u0142onkostwa.<\/p>\n<p><strong>Prawa<\/strong>:<br \/>\nBeneficjentom i cz\u0142onkom przys\u0142uguje:<br \/>\na) prawo dost\u0119pu do swoich danych osobowych oraz otrzymania ich kopii,<br \/>\nb) prawo do sprostowania (poprawiania) swoich danych osobowych,<br \/>\nc) prawo do usuni\u0119cia swoich danych osobowych,<br \/>\nd) prawo do ograniczenia przetwarzania swoich danych osobowych,<br \/>\ne) prawo do wniesienia sprzeciwu wobec przetwarzania swoich danych osobowych,<br \/>\nf) prawo do przenoszenia swoich danych osobowych,<br \/>\ng) prawo do wniesienia skargi do organu nadzorczego<br \/>\nJe\u017celi beneficjent i darczy\u0144ca uwa\u017ca, \u017ce przetwarzamy jego dane osobowe niezgodnie z prawem, mo\u017ce z\u0142o\u017cy\u0107 w tej sprawie skarg\u0119 do Prezesa Urz\u0119du Ochrony Danych Osobowych lub innego w\u0142a\u015bciwego organu nadzorczego,<br \/>\nh) prawo do cofni\u0119cia zgody na przetwarzanie swoich danych osobowych<\/p>\n<p>W celu wykonania swoich praw beneficjent i strona porozumie\u0144 o wsp\u00f3\u0142pracy mo\u017ce skierowa\u0107 \u017c\u0105danie pod adres email: <a href=\"mailto:sikoraandrzej7@gmail.com\">sikoraandrzej7@gmail.com<\/a> lub tel.: 662\u00a0157\u00a0690 lub na adres: Stowarzyszenie \u201eRodzina Wi\u0119\u017aniarek Niemieckiego Obozu Koncentracyjnego Ravensbr\u00fcck\u201d Krak\u00f3w ul. Senior\u00f3w Lotnictwa 10\/19<\/p>\n<p><strong>Informacja o dobrowolno\u015bci podania danych osobowych<\/strong><br \/>\nPodanie przez wy\u017cej wymienione osoby ich danych osobowych jest dobrowolne.<\/p>\n","protected":false},"excerpt":{"rendered":"<p>KLAUZULA INFORMACYJNA Stowarzyszenia \u201eRodzina Wi\u0119\u017aniarek Niemieckiego Obozu Koncentracyjnego Ravensbr\u00fcck\u201d Zgodnie z przepisami rozporz\u0105dzenia Parlamentu Europejskiego i Rady (UE) 2016\/679 z dnia 27 kwietnia 2016 r. w sprawie ochrony os\u00f3b fizycznych w zwi\u0105zku z przetwarzaniem danych osobowych i w sprawie swobodnego przep\u0142ywu takich danych oraz uchylenia dyrektywy 95\/46\/WE (og\u00f3lne rozporz\u0105dzenie o ochronie danych), Dz. U. UE &hellip; <\/p>\n<p class=\"link-more\"><a href=\"https:\/\/www.rodzinaravensbruck.pl\/index.php\/rodo\/\" class=\"more-link\">Czytaj dalej<span class=\"screen-reader-text\"> \u201eRODO\u201d<\/span><\/a><\/p>\n","protected":false},"author":1,"featured_media":0,"parent":0,"menu_order":0,"comment_status":"closed","ping_status":"closed","template":"","meta":{"ngg_post_thumbnail":0,"footnotes":""},"class_list":["post-1406","page","type-page","status-publish","hentry"],"_links":{"self":[{"href":"https:\/\/www.rodzinaravensbruck.pl\/index.php\/wp-json\/wp\/v2\/pages\/1406","targetHints":{"allow":["GET"]}}],"collection":[{"href":"https:\/\/www.rodzinaravensbruck.pl\/index.php\/wp-json\/wp\/v2\/pages"}],"about":[{"href":"https:\/\/www.rodzinaravensbruck.pl\/index.php\/wp-json\/wp\/v2\/types\/page"}],"author":[{"embeddable":true,"href":"https:\/\/www.rodzinaravensbruck.pl\/index.php\/wp-json\/wp\/v2\/users\/1"}],"replies":[{"embeddable":true,"href":"https:\/\/www.rodzinaravensbruck.pl\/index.php\/wp-json\/wp\/v2\/comments?post=1406"}],"version-history":[{"count":1,"href":"https:\/\/www.rodzinaravensbruck.pl\/index.php\/wp-json\/wp\/v2\/pages\/1406\/revisions"}],"predecessor-version":[{"id":1407,"href":"https:\/\/www.rodzinaravensbruck.pl\/index.php\/wp-json\/wp\/v2\/pages\/1406\/revisions\/1407"}],"wp:attachment":[{"href":"https:\/\/www.rodzinaravensbruck.pl\/index.php\/wp-json\/wp\/v2\/media?parent=1406"}],"curies":[{"name":"wp","href":"https:\/\/api.w.org\/{rel}","templated":true}]}}

<p><strong>KLAUZULA INFORMACYJNA </strong></p>
<p><strong>Stowarzyszenia „Rodzina Więźniarek Niemieckiego Obozu Koncentracyjnego Ravensbrück”</strong></p>
<p>Zgodnie z przepisami rozporządzenia Parlamentu Europejskiego i Rady (UE) 2016/679 z dnia 27 kwietnia 2016 r. w sprawie ochrony osób fizycznych w związku z przetwarzaniem danych osobowych i w sprawie swobodnego przepływu takich danych oraz uchylenia dyrektywy 95/46/WE (ogólne rozporządzenie o ochronie danych), Dz. U. UE L nr 119, str. 1, informujemy, co następuje:</p>
<p><strong>Administrator danych osobowych</strong><br />
Stowarzyszenie  „Rodzina Więźniarek Niemieckiego Obozu Koncentracyjnego  Ravensbrück  jest administratorem danych osobowych  członków stowarzyszenia i jego beneficjentów.</p>
<p><strong>Cel i podstawa przetwarzania danych osobowych</strong><br />
Przetwarzanie danych osobowych beneficjentów i  członków następuje w celu świadczenia pomocy, ewidencji danych osobowych, sprawozdawczym oraz dla organów państwowych jeżeli będzie ku temu podstawa prawna.</p>
<p><strong>Kategorie danych osobowych, które przetwarzamy</strong><br />
Przetwarzaniu podlegają następujące kategorie danych osobowych beneficjentów i członków stowarzyszenia<br />
&#8211; podstawowe dane identyfikacyjne,<br />
&#8211; dane identyfikacyjne przyznane przez organy publiczne,<br />
&#8211; dane dotyczące zamieszkania, PESEL, telefon, stanu zdrowia, ewentualnie sytuacji materialnej,</p>
<p><strong>Odbiorcy danych</strong><br />
Dane osobowe beneficjentów i  członków nie będą udostępniane żadnym innym podmiotom, nie będą przekazywane poza teren Polski, Unii Europejskiej oraz Europejskiego Obszaru Gospodarczego.</p>
<p><strong>Okres przechowywania danych</strong><br />
Dane osobowe beneficjentów i stron porozumień o współpracy będą przetwarzane do zakończenia umów, w przypadku członków do czasu istnienia członkostwa.</p>
<p><strong>Prawa</strong>:<br />
Beneficjentom i członkom przysługuje:<br />
a) prawo dostępu do swoich danych osobowych oraz otrzymania ich kopii,<br />
b) prawo do sprostowania (poprawiania) swoich danych osobowych,<br />
c) prawo do usunięcia swoich danych osobowych,<br />
d) prawo do ograniczenia przetwarzania swoich danych osobowych,<br />
e) prawo do wniesienia sprzeciwu wobec przetwarzania swoich danych osobowych,<br />
f) prawo do przenoszenia swoich danych osobowych,<br />
g) prawo do wniesienia skargi do organu nadzorczego<br />
Jeżeli beneficjent i darczyńca uważa, że przetwarzamy jego dane osobowe niezgodnie z prawem, może złożyć w tej sprawie skargę do Prezesa Urzędu Ochrony Danych Osobowych lub innego właściwego organu nadzorczego,<br />
h) prawo do cofnięcia zgody na przetwarzanie swoich danych osobowych</p>
<p>W celu wykonania swoich praw beneficjent i strona porozumień o współpracy może skierować żądanie pod adres email: <a href="mailto:sikoraandrzej7@gmail.com">sikoraandrzej7@gmail.com</a> lub tel.: 662 157 690 lub na adres: Stowarzyszenie „Rodzina Więźniarek Niemieckiego Obozu Koncentracyjnego Ravensbrück” Kraków ul. Seniorów Lotnictwa 10/19</p>
<p><strong>Informacja o dobrowolności podania danych osobowych</strong><br />
Podanie przez wyżej wymienione osoby ich danych osobowych jest dobrowolne.</p>

<p>KLAUZULA INFORMACYJNA Stowarzyszenia „Rodzina Więźniarek Niemieckiego Obozu Koncentracyjnego Ravensbrück” Zgodnie z przepisami rozporządzenia Parlamentu Europejskiego i Rady (UE) 2016/679 z dnia 27 kwietnia 2016 r. w sprawie ochrony osób fizycznych w związku z przetwarzaniem danych osobowych i w sprawie swobodnego przepływu takich danych oraz uchylenia dyrektywy 95/46/WE (ogólne rozporządzenie o ochronie danych), Dz. U. UE &hellip; </p>
<p class="link-more"><a href="https://www.rodzinaravensbruck.pl/index.php/rodo/" class="more-link">Czytaj dalej<span class="screen-reader-text"> „RODO”</span></a></p>
