{"id":39,"date":"2017-04-19T10:25:39","date_gmt":"2017-04-19T08:25:39","guid":{"rendered":"http:\/\/www.rodzinaravensbruck.pl\/?page_id=39"},"modified":"2017-07-03T20:16:09","modified_gmt":"2017-07-03T18:16:09","slug":"blog","status":"publish","type":"page","link":"https:\/\/www.rodzinaravensbruck.pl\/index.php\/blog\/","title":{"rendered":"Blog"},"content":{"rendered":"<p>Wanda P\u00f3\u0142tawska, Kamilla Kama Janowicz &#8211; Syczowa, wi\u0119\u017aniarki, KL, KZ, Ravensbr\u00fcck, Gra\u017cyna Chrostowska, Teresa Harsdorf-Bromowicz, Zofia G\u00f3rska-Romanowicz, Halina Golczowa, Maxisoft, Dariusz Szmigielski, El\u017cbieta Kuta, Konzentrationslager, concentration camp, ob\u00f3z koncentracyjny, ob\u00f3z zag\u0142ady, faszyzm, II wojna \u015bwiatowa, niemiecki ob\u00f3z koncentracyjny,<\/p>\n","protected":false},"excerpt":{"rendered":"<p>Wanda P\u00f3\u0142tawska, Kamilla Kama Janowicz &#8211; Syczowa, wi\u0119\u017aniarki, KL, KZ, Ravensbr\u00fcck, Gra\u017cyna Chrostowska, Teresa Harsdorf-Bromowicz, Zofia G\u00f3rska-Romanowicz, Halina Golczowa, Maxisoft, Dariusz Szmigielski, El\u017cbieta Kuta, Konzentrationslager, concentration camp, ob\u00f3z koncentracyjny, ob\u00f3z zag\u0142ady, faszyzm, II wojna \u015bwiatowa, niemiecki ob\u00f3z koncentracyjny,<\/p>\n","protected":false},"author":1,"featured_media":0,"parent":0,"menu_order":0,"comment_status":"closed","ping_status":"closed","template":"","meta":{"ngg_post_thumbnail":0,"footnotes":""},"class_list":["post-39","page","type-page","status-publish","hentry"],"_links":{"self":[{"href":"https:\/\/www.rodzinaravensbruck.pl\/index.php\/wp-json\/wp\/v2\/pages\/39","targetHints":{"allow":["GET"]}}],"collection":[{"href":"https:\/\/www.rodzinaravensbruck.pl\/index.php\/wp-json\/wp\/v2\/pages"}],"about":[{"href":"https:\/\/www.rodzinaravensbruck.pl\/index.php\/wp-json\/wp\/v2\/types\/page"}],"author":[{"embeddable":true,"href":"https:\/\/www.rodzinaravensbruck.pl\/index.php\/wp-json\/wp\/v2\/users\/1"}],"replies":[{"embeddable":true,"href":"https:\/\/www.rodzinaravensbruck.pl\/index.php\/wp-json\/wp\/v2\/comments?post=39"}],"version-history":[{"count":3,"href":"https:\/\/www.rodzinaravensbruck.pl\/index.php\/wp-json\/wp\/v2\/pages\/39\/revisions"}],"predecessor-version":[{"id":586,"href":"https:\/\/www.rodzinaravensbruck.pl\/index.php\/wp-json\/wp\/v2\/pages\/39\/revisions\/586"}],"wp:attachment":[{"href":"https:\/\/www.rodzinaravensbruck.pl\/index.php\/wp-json\/wp\/v2\/media?parent=39"}],"curies":[{"name":"wp","href":"https:\/\/api.w.org\/{rel}","templated":true}]}}

<p>Wanda Półtawska, Kamilla Kama Janowicz &#8211; Syczowa, więźniarki, KL, KZ, Ravensbrück, Grażyna Chrostowska, Teresa Harsdorf-Bromowicz, Zofia Górska-Romanowicz, Halina Golczowa, Maxisoft, Dariusz Szmigielski, Elżbieta Kuta, Konzentrationslager, concentration camp, obóz koncentracyjny, obóz zagłady, faszyzm, II wojna światowa, niemiecki obóz koncentracyjny,</p>
