{"id":80,"date":"2017-04-20T19:06:28","date_gmt":"2017-04-20T17:06:28","guid":{"rendered":"http:\/\/www.rodzinaravensbruck.pl\/?page_id=80"},"modified":"2025-01-20T17:00:22","modified_gmt":"2025-01-20T16:00:22","slug":"zarzad","status":"publish","type":"page","link":"https:\/\/www.rodzinaravensbruck.pl\/index.php\/zarzad\/","title":{"rendered":"Zarz\u0105d"},"content":{"rendered":"\n\n\n<table style=\"width: 100%; background-color: #baedf7; border-color: #05a6eb;\" width=\"100%\">\n<tbody>\n<tr>\n<td style=\"width: 27.2619%; border-color: #106485;\" width=\"150\">\n<p>Prezes<\/p>\n<\/td>\n<td style=\"width: 21.6667%; border-color: #106485;\" width=\"130\">\n<p>El\u017cbieta Kuta<\/p>\n<\/td>\n<td style=\"width: 49.881%; border-color: #106485;\" width=\"289\">\n<p>kuta_elzbieta@o2.pl<\/p>\n<\/td>\n<\/tr>\n<tr>\n<td style=\"width: 27.2619%; border-color: #106485;\" width=\"150\">\n<p>Vice-prezes<\/p>\n<\/td>\n<td style=\"width: 21.6667%; border-color: #106485;\" width=\"130\">\n<p>Maria Lorens<\/p>\n<\/td>\n<td style=\"width: 49.881%; border-color: #106485;\" width=\"289\">\n<p>maria.lorens@op.pl<\/p>\n<\/td>\n<\/tr>\n<tr>\n<td style=\"width: 27.2619%; border-color: #106485;\" width=\"150\">\n<p>Vice-prezes<\/p>\n<\/td>\n<td style=\"width: 21.6667%; border-color: #106485;\" width=\"130\">\n<p>Barbara Oratowska<\/p>\n<\/td>\n<td style=\"width: 49.881%; border-color: #106485;\" width=\"289\">\n<p>b.oratowska@mnwl.pl<\/p>\n<\/td>\n<\/tr>\n<tr>\n<td style=\"width: 27.2619%; border-color: #106485;\" width=\"150\">\n<p>Sekretarz<\/p>\n<\/td>\n<td style=\"width: 21.6667%; border-color: #106485;\" width=\"130\">\n<p>Monika Kwiatkowska<\/p>\n<\/td>\n<td style=\"width: 49.881%; border-color: #106485;\" width=\"289\">\n<p>monika.m.kwiatkowska@uj.edu.pl<\/p>\n<\/td>\n<\/tr>\n<tr>\n<td style=\"width: 27.2619%; border-color: #106485;\" width=\"150\">\n<p>Skarbnik<\/p>\n<\/td>\n<td style=\"width: 21.6667%; border-color: #106485;\" width=\"130\">\n<p>Justyna \u017babicka<\/p>\n<\/td>\n<td style=\"width: 49.881%; border-color: #106485;\" width=\"289\">\n<p>j.zabicka@uj.edu.pl<\/p>\n<\/td>\n<\/tr>\n<tr>\n<td style=\"width: 27.2619%; border-color: #106485;\" width=\"150\">\n<p>Cz\u0142onek Komisji Rewizyjnej<\/p>\n<\/td>\n<td style=\"width: 21.6667%; border-color: #106485;\" width=\"130\">\n<p>Andrzej Sikora<\/p>\n<\/td>\n<td style=\"width: 49.881%; border-color: #106485;\" width=\"289\">\n<p>sikoraandrzej7@gmail.com<\/p>\n<\/td>\n<\/tr>\n<tr>\n<td style=\"width: 27.2619%; border-color: #106485;\" width=\"150\">\n<p>Cz\u0142onek Komisji Rewizyjnej<\/p>\n<\/td>\n<td style=\"width: 21.6667%; border-color: #106485;\" width=\"130\">\n<p>Jerzy Adamczyk<\/p>\n<\/td>\n<td style=\"width: 49.881%; border-color: #106485;\" width=\"289\">\n<p>adje@poczta.fm<\/p>\n<\/td>\n<\/tr>\n<tr>\n<td style=\"width: 27.2619%; border-color: #106485;\" width=\"150\">\n<p>Cz\u0142onek Komisji Rewizyjnej<\/p>\n<\/td>\n<td style=\"width: 21.6667%; border-color: #106485;\" width=\"130\">\n<p>Zofia Placek<\/p>\n<\/td>\n<td style=\"width: 49.881%; border-color: #106485;\" width=\"289\">\n<p>placekzofia12@gmail.com<\/p>\n<\/td>\n<\/tr>\n<\/tbody>\n<\/table>\n","protected":false},"excerpt":{"rendered":"<p>Prezes El\u017cbieta Kuta kuta_elzbieta@o2.pl Vice-prezes Maria Lorens maria.lorens@op.pl Vice-prezes Barbara Oratowska b.oratowska@mnwl.pl Sekretarz Monika Kwiatkowska monika.m.kwiatkowska@uj.edu.pl Skarbnik Justyna \u017babicka j.zabicka@uj.edu.pl Cz\u0142onek Komisji Rewizyjnej Andrzej Sikora sikoraandrzej7@gmail.com Cz\u0142onek Komisji Rewizyjnej Jerzy Adamczyk adje@poczta.fm Cz\u0142onek Komisji Rewizyjnej Zofia Placek placekzofia12@gmail.com<\/p>\n","protected":false},"author":1,"featured_media":0,"parent":0,"menu_order":0,"comment_status":"closed","ping_status":"closed","template":"","meta":{"ngg_post_thumbnail":0,"footnotes":""},"class_list":["post-80","page","type-page","status-publish","hentry"],"_links":{"self":[{"href":"https:\/\/www.rodzinaravensbruck.pl\/index.php\/wp-json\/wp\/v2\/pages\/80","targetHints":{"allow":["GET"]}}],"collection":[{"href":"https:\/\/www.rodzinaravensbruck.pl\/index.php\/wp-json\/wp\/v2\/pages"}],"about":[{"href":"https:\/\/www.rodzinaravensbruck.pl\/index.php\/wp-json\/wp\/v2\/types\/page"}],"author":[{"embeddable":true,"href":"https:\/\/www.rodzinaravensbruck.pl\/index.php\/wp-json\/wp\/v2\/users\/1"}],"replies":[{"embeddable":true,"href":"https:\/\/www.rodzinaravensbruck.pl\/index.php\/wp-json\/wp\/v2\/comments?post=80"}],"version-history":[{"count":7,"href":"https:\/\/www.rodzinaravensbruck.pl\/index.php\/wp-json\/wp\/v2\/pages\/80\/revisions"}],"predecessor-version":[{"id":4501,"href":"https:\/\/www.rodzinaravensbruck.pl\/index.php\/wp-json\/wp\/v2\/pages\/80\/revisions\/4501"}],"wp:attachment":[{"href":"https:\/\/www.rodzinaravensbruck.pl\/index.php\/wp-json\/wp\/v2\/media?parent=80"}],"curies":[{"name":"wp","href":"https:\/\/api.w.org\/{rel}","templated":true}]}}